 and d.
2
Suppose 2*q + 3*q - 117 = -2*u, -3*u + 186 = 4*q. What is the highest common factor of u and 12?
6
Suppose 0 = -9*m + m + 720. Suppose -100 + 1045 = 7*v. What is the greatest common factor of v and m?
45
Suppose 2 = v, c + 3*v + 2*v = 17. Suppose 0 = -c*b + 269 - 87. What is the highest common divisor of b and 2?
2
Let j be ((-275)/20 - -4)*-32 - 8. Calculate the highest common divisor of j and 128.
16
Let c(k) = 53*k**2 - 4*k - 5. Let i be c(-1). Calculate the highest common divisor of i and 52.
52
Let j be 3/((-9)/(-2)) - (-718)/3. What is the highest common factor of j and 64?
16
Let l(g) = -3*g**2 + 3*g + 2. Let q be l(-1). Let p(t) = t + 11. Let k be p(8). Let f = k + q. What is the highest common factor of 5 and f?
5
Suppose -2*q + 12 = q. Suppose -3*d + 5*d - q = 0. Suppose 388 = d*f + 4. What is the highest common divisor of f and 24?
24
Let u(o) = -5*o**3 + 3*o**2 + 4*o + 3. Let q be u(-2). Let w = 56 - q. Calculate the greatest common divisor of 27 and w.
9
Let j = 1650 - 858. Let x be (-2*3/6)/((-4)/j). What is the highest common divisor of x and 18?
18
Suppose -3*l = -2*w - 235, -5*l = 7*w - 12*w - 390. What is the highest common divisor of l and 711?
79
Let i be (-3322)/(-6) + (-13 - (-238)/21). What is the greatest common factor of 96 and i?
24
Suppose 5*b - 2415 = 5*s, 0 = -3*b - b - s + 1947. What is the greatest common factor of b and 108?
54
Suppose 234*b = 224*b + 350. Suppose 1105 = 4*h + 3*o, -4*h - o + 689 = -426. Calculate the greatest common factor of b and h.
35
Let n = -19 - -40. Let j = 182 + -175. Calculate the greatest common divisor of j and n.
7
Suppose 5*p - 3*p = -118. Let n = p + 76. What is the highest common divisor of n and 17?
17
Let d be 2 - (26 - 25)*260/(-2). What is the greatest common factor of 99 and d?
33
Let y = -225 + 265. Calculate the greatest common factor of 860 and y.
20
Suppose 7*z - 57 = 4*z - 4*j, 4*z - 2*j - 54 = 0. Let g = -2 - 1. Let n = g + z. What is the greatest common factor of n and 48?
12
Suppose 0*o + 4*o - 8 = 0. Suppose -o = 6*b - 8*b. Let l be (-2)/2 - (b - 24). Calculate the greatest common divisor of l and 198.
22
Suppose 4*y - 826 = -2*f, -2*y + 403 = -12*f + 11*f. What is the greatest common factor of y and 24?
12
Let o be (4 - 2)*(9 + -4) + -1. What is the highest common factor of o and 99?
9
Let a be -1*(2/(-5) - (-20)/50). Suppose a*g + 2*x = -5*g + 68, -x = -4. Calculate the highest common divisor of g and 54.
6
Let y be ((-36)/14)/((-396)/924). Let x = -28 - -76. Suppose -x = -3*p - p. Calculate the highest common divisor of p and y.
6
Suppose 2*h - 3*h - 4*d = -50, -h = -2*d - 38. What is the highest common divisor of h and 189?
21
Let a(w) be the first derivative of 5*w**2/2 + w + 1. Suppose -2*s + 5 = b, 4*s = -3*b + 10 + 1. Let r be a(s). What is the highest common factor of 11 and r?
11
Suppose -2*t = -9*t + 140. Let w = 169 + -161. What is the greatest common divisor of t and w?
4
Let r = -305 - -330. What is the greatest common factor of 300 and r?
25
Let f be (-5)/2*(0 + -24). Let g = 18190 - 18178. What is the highest common divisor of f and g?
12
Suppose -2*w + 64 = -5*z, 25*w + 32 = 26*w + 4*z. What is the highest common divisor of w and 224?
32
Let x = 345 + -332. What is the greatest common factor of 104 and x?
13
Let o(p) = 9*p. Let c(a) = a**3 - 5*a**2 + 5*a - 3. Let s be c(4). Let d be o(s). Let h be 8 + (4/6)/(2/3). What is the highest common divisor of d and h?
9
Let p = 38 - 32. Suppose p*w = 61 + 131. What is the greatest common divisor of w and 224?
32
Let r = -1030 - -1072. Calculate the greatest common factor of r and 399.
21
Suppose -2*n + 10 = r - 9, -2*n - 25 = -3*r. Let l = 30 + -27. Suppose 0*p = -l*p + 99. What is the highest common factor of r and p?
11
Let o be 4 + (106/(-6))/(2/(-6)). What is the highest common divisor of o and 969?
57
Let n(h) = h**2 + 2. Let y be n(4). Calculate the greatest common factor of 12 and y.
6
Suppose 3*y - 169 = -145. What is the greatest common factor of 336 and y?
8
Let o = 1576 - 1521. What is the greatest common factor of 150 and o?
5
Let m(d) = -2*d**3 - d**2 + 4*d - 7. Let y be m(2). Let u = y - -29. What is the highest common divisor of u and 10?
10
Let p(q) = -q**3 - 21*q**2 + 10*q - 44. Let k be p(-22). What is the highest common factor of 88 and k?
44
Let n be 325/(-195) - (-166)/6. Calculate the highest common divisor of 845 and n.
13
Suppose -4*z + 188 = -q, 14*z - 88 = 12*z + 2*q. Suppose -5*m + 4*f = -604, 4*m = f + 625 - 144. Calculate the highest common divisor of z and m.
24
Let w be 2 + (-6)/(-1 + 2). Let l be (-30)/(-7) + w/14. Let z(d) = d**2 + 4*d - 12. Let n be z(-8). Calculate the greatest common factor of n and l.
4
Suppose 461*h - 452*h = 90. Calculate the highest common factor of 890 and h.
10
Suppose 6*o - 18*o + 600 = 0. Calculate the highest common factor of 50 and o.
50
Suppose 4*y = -2*x + 238, -y = -0*y. Suppose 79*i = 77*i + 68. Calculate the greatest common factor of i and x.
17
Let a = -185 - -112. Let l = a - -123. Let r = -363 - -383. Calculate the greatest common divisor of l and r.
10
Suppose 5*l = -2*l + 931. Let m be (-6)/3 + 0 + 105. Suppose 0 = 3*b + 6, b - m = -5*w + 5*b. Calculate the greatest common divisor of l and w.
19
Suppose 2*o + 5*u = 9 - 12, 4*o + 3*u - 15 = 0. What is the greatest common factor of o and 318?
6
Let a be 0/(2/(-1)) + 70. Let s = a - 57. Calculate the greatest common factor of 39 and s.
13
Let i be (-3*11/6)/((-6)/84). What is the highest common factor of i and 11?
11
Let s(o) = -5*o - 4. Let d be s(-6). Let i be (2*(3 + -5))/((-3)/6). Let f be 3/4 + 202/i. What is the highest common divisor of d and f?
26
Let g = -2 + 2. Suppose -h - 2*l + 12 = 0, -h + 24 = -g*h + 5*l. Suppose h*v = -0*v + 48. Calculate the highest common divisor of v and 3.
3
Let p = 6 - -15. Suppose -3*r + 9 = 0, r = 3*d - 3*r + 6. Suppose 0*z + f - 5 = -z, d*z - 4*f = -2. Calculate the highest common factor of z and p.
3
Suppose -3*q = -0*q - 210. Let u(i) = i**2 - 13*i + 32. Let d = -59 - -70. Let k be u(d). What is the greatest common divisor of k and q?
10
Let s be (-38)/(-10) - (-12)/60. Suppose -5*y + 2*o + 1170 = -2*o, -s*o = y - 210. What is the highest common divisor of y and 92?
46
Let z = -2 - -4. Suppose -z*u + 8 = -0*u. Suppose 4*f - 28 = -4*l, 0*l + 27 = 4*l + 5*f. Calculate the greatest common factor of l and u.
4
Let s = 49 - 13. Suppose 0*z + 5*z - 4 = -4*x, -z + 12 = -2*x. What is the greatest common divisor of s and z?
4
Let m be 0 + (109 - (8 - 9)). Calculate the greatest common factor of 66 and m.
22
Let j(l) = l**2 - l. Let t be j(2). Suppose -5*i + 11 = -2*d, 3*d + d - 14 = -2*i. Calculate the greatest common divisor of t and i.
1
Let c(a) = a**3 - 13*a**2 - 5*a - 34. Let g be c(14). Suppose -g = -4*z + 20. Calculate the greatest common divisor of 28 and z.
28
Let m(j) = -4*j**2 - 20*j + 19. Let a(w) = -w**2 - 1. Let i(f) = -5*a(f) + m(f). Let k be i(20). Calculate the highest common factor of k and 72.
24
Let k(p) = p. Let q be k(6). Let m = 49 + -47. Let a(h) = 28*h - 2. Let t be a(m). Calculate the highest common divisor of q and t.
6
Let x(z) = -z + 14. Let a be x(11). Suppose -6 = 3*r + a. Let q be 15/9 - (-2)/r. Calculate the highest common divisor of q and 1.
1
Suppose -2*z + 0 = -2. Suppose 3*k + z = 2*l, 2*l = -6*k + 2*k + 8. Suppose 3*v - 10 + k = 0. Calculate the greatest common divisor of v and 9.
3
Suppose 0 = 19*x - 26*x + 420. What is the highest common factor of 96 and x?
12
Let c be (39/(-5))/((-6)/8) - (-2)/(-5). Suppose t - 2*t + 15 = -5*f, -4*t = 4*f - 36. Calculate the greatest common factor of t and c.
10
Suppose 99 = -k + 407. What is the highest common divisor of 224 and k?
28
Let j be 6/(-4 - (-126)/33). Let c = -19 - j. Suppose 2*o - c = -2. Calculate the greatest common divisor of 24 and o.
6
Let g = -378 + 417. What is the greatest common divisor of g and 169?
13
Suppose -10 - 11 = -4*q + 3*f, -2*q = f - 3. What is the highest common divisor of 186 and q?
3
Let q = 56 - 33. Let t be (0/3)/(3 + -5). Suppose t = 4*x - c - 832, -2*x - 2*x + 812 = 4*c. What is the greatest common factor of x and q?
23
Suppose -3*c - 4*d + 22 = 0, 1 = c - 4*d + 15. Suppose 10*z = 3*z - 7. Let g = 3 + z. Calculate the greatest 